*i - 46638. List the prime factors of z.
3, 71, 73
Let g(n) = 112*n - 50. Let v be 44/9 + -6 + 275/45. List the prime factors of g(v).
2, 3, 5, 17
Let z = 202 + -197. Suppose -z*b = -4*y + 635, -2*y - b = 3*y - 801. List the prime factors of y.
2, 5
Let d(z) = 30*z**2 + 9*z - 46. Let h(k) = 24*k**2 + 8*k - 47. Let q(g) = -3*d(g) + 4*h(g). What are the prime factors of q(-13)?
29, 31
Let m(t) = 42 - 57 + 5*t - 25 - 3*t. Let r(o) = -o**2 - 9*o + 4. Let g be r(-6). What are the prime factors of m(g)?
2
Let d(s) = -537*s - 1913. What are the prime factors of d(-29)?
2, 5, 683
Suppose -2*v - 3*v = b + 7, 0 = -4*b + 5*v + 47. Let k be 8 + b/(1 - -3). Suppose k*d - 600 = 6*d. List the prime factors of d.
2, 3, 5
Suppose -l + 2*k = -4028, -46*k = -l - 47*k + 4016. What are the prime factors of l?
2, 3, 5, 67
Let t(r) = 41*r**2 + 3 - 26*r**2 - 26*r**2 + 2*r. Let o be t(4). Let h = -1 - o. What are the prime factors of h?
2, 41
List the prime factors of (95/(-35))/19 - (-70736)/7.
5, 43, 47
Suppose 0*x - 5*x + 330 = 0. Suppose 2*d - 25 + 121 = j, -3*d = -3*j + 279. Let y = j - x. What are the prime factors of y?
2, 3
Let f(g) = 10*g + 278*g**3 - 9*g**2 - 23 - 139*g**3 + 2*g - 138*g**3. Let c be ((-30)/8)/((-55)/40 + 1). What are the prime factors of f(c)?
197
Let r(b) be the first derivative of -b**4/4 + 4*b**3 - 14*b**2 + 11*b + 44. What are the prime factors of r(9)?
2
Let o = -8106 - -8805. What are the prime factors of o?
3, 233
Suppose -2*r - 267 = 3. Let u be -1*r/((-4)/(-4)). Let m = u + -51. What are the prime factors of m?
2, 3, 7
Let n = 144 - 189. What are the prime factors of -3*(-2 - -1047*5/n)?
5, 71
Let s = 190 - 190. Suppose s = 212*o - 206*o - 6156. List the prime factors of o.
2, 3, 19
Let a = -109 + -90. Let p = a + 220. What are the prime factors of p?
3, 7
Let g(x) = 14096*x + 2562. List the prime factors of g(1).
2, 8329
Suppose 8363 + 17635 = 3*s. What are the prime factors of s?
2, 7, 619
Let k be (35/(-2))/(49/14 + -4). List the prime factors of 1700/k - (-16)/(-28).
2, 3
Let c = 2315 + 1255. List the prime factors of c.
2, 3, 5, 7, 17
Suppose 0 = -5*z + 2*h + 137111, 3*h - 188343 = -4*z - 78691. What are the prime factors of z?
7, 3917
What are the prime factors of (-4908 - 30)*(1 - 2)?
2, 3, 823
Let a = 1230 + 6953. List the prime factors of a.
7, 167
Let u(v) = -v**3 - 28*v**2 - 50*v + 52. Let w be u(-26). Suppose w = 23*t + 677 - 18088. What are the prime factors of t?
757
Let a(s) = 158*s + 91. List the prime factors of a(29).
4673
Let p = -484 + 537. Suppose 54*r - 529 = p*r. List the prime factors of r.
23
Let g(b) = b**3 + 13*b**2 - 14*b + 5. Let p be g(-14). Suppose 0 = -p*t + 13 - 33. What are the prime factors of (69/5)/(t/(-20))?
3, 23
Let h = -27 - -108. Let b = -76 + h. Suppose -j = 5*o - 93, 12 = b*o - 8. What are the prime factors of j?
73
Let t(s) = 32*s - 203 - 71*s - 51*s. List the prime factors of t(-6).
337
Let a(h) = 2*h**3 - 27*h**2 + 15*h - 8. Suppose 3*c + 0 = -j - 2, -4*j = -2*c - 62. Let x be a(j). Let p = x - 9. List the prime factors of p.
3
Let n(r) = 102*r + 252. Let d(v) = 25*v + 63. Let q(w) = 26*d(w) - 6*n(w). List the prime factors of q(16).
2, 367
Let l = -104137 + 150037. What are the prime factors of l?
2, 3, 5, 17
Let y(o) = -24*o**2 + o + 3. Let l(t) = -t**2 - t + 1. Let c(m) = 2*l(m) - y(m). List the prime factors of c(-7).
2, 3, 61
Let r(z) = -53*z + 2442. List the prime factors of r(0).
2, 3, 11, 37
What are the prime factors of ((-14)/49)/(9/(-19341))?
2, 307
Let s be (-2 + 1)*-2 + 18/9. Suppose -s*m = 50 - 14. Let f(a) = -2*a**3 - 19*a**2 - 15*a + 10. List the prime factors of f(m).
2
Suppose 4*a + 5*m - 20668 = 3*a, -5*a + 5*m = -103220. List the prime factors of a.
2, 29, 89
Let h be ((-127)/(-2))/((-62)/(-20) + -3). Let w = 71 - h. List the prime factors of (w/18)/(1/(-3)).
2, 47
Suppose 3*z - 4399 - 1957 = -2*m, -4*z + 3*m = -8486. Suppose 54*f - 49*f = z. List the prime factors of f.
2, 53
List the prime factors of 66031 - 41/(492/120).
3, 59, 373
Let z(p) = -2*p + 10. Let h be z(3). Let w(f) = f - 2. Let m be w(h). Suppose 0 = -2*v + 3*u - 29 + 130, -3*v = m*u - 145. List the prime factors of v.
7
Let p(y) = -116*y - 78. Let t(f) = f. Let r(n) = -p(n) + 2*t(n). List the prime factors of r(6).
2, 3, 131
Suppose -t = -5*u - 380, -2*t + 98 + 123 = -3*u. Let q = u + 282. List the prime factors of q.
5, 41
Let c(u) = 67*u + 533. List the prime factors of c(0).
13, 41
Let g(m) = m**2 + 4*m + 7*m**2 + 2*m**3 - 8*m - 3*m**3. Let p be g(2). Suppose -p - 10 = -2*k. What are the prime factors of k?
13
Let c = -7859 - -19013. List the prime factors of c.
2, 3, 11, 13
Suppose -7*h + 8*h = 3*q + 788, 0 = -h - 1. Let j = q - -416. What are the prime factors of j?
3, 17
Suppose 8*j - 2*j = 36. Suppose -3*b - j = -2*h, h = b - 3*b - 4. What are the prime factors of ((-20)/(-25))/(b/(-15))?
2, 3
Suppose -150 = -d - 4*o, -5*d - 3*o + 770 = 105. Suppose 68 = p + 2*a, -11 = -2*p + a + d. List the prime factors of p.
2, 5, 7
Let s = -6222 - -13315. List the prime factors of s.
41, 173
Let k = -100 + 115. Suppose -4*j = -2087 + k. What are the prime factors of j?
2, 7, 37
Let z(o) = -5*o**2 + 34*o + 221. Let g(u) = 3*u**2 - 22*u - 147. Let i(b) = -8*g(b) - 5*z(b). What are the prime factors of i(-28)?
3, 229
Suppose 2964 = 16*y - 2268. Suppose n = y - 0. List the prime factors of n.
3, 109
Let b(w) = 3*w**2 + 13*w - 3. Let d be b(5). Let z be ((-35)/(-5) - 5) + d. Suppose -5*h = z - 624. What are the prime factors of h?
97
Suppose 1735 = -2*b + 10235. Suppose 6*n - b = -11*n. List the prime factors of n.
2, 5
Let x(b) = -b**2 + 6*b - 5. Let p be x(2). Suppose -p*o + 9 = 3. Suppose o*n = -2*n + 20, 63 = c - n. List the prime factors of c.
2, 17
Let s = -5777 - -10646. What are the prime factors of s?
3, 541
Let v(w) = -240*w**2 + 5*w - 2. Let u(a) = -120*a**2 + 3*a - 1. Let f(g) = -5*u(g) + 3*v(g). Let j be f(-1). Let n = -49 - j. List the prime factors of n.
2, 3
Suppose 0 = -5*w - 116 + 41. Let r(q) = q**3 + 14*q**2 - 17*q - 15. Let d be r(w). Suppose -20*z + d*z = -130. What are the prime factors of z?
2, 13
Let i be 3/(-30) + 21/10. Suppose 4*b + i*z = 5952, -4*b - 117*z = -118*z - 5958. List the prime factors of b.
1489
Suppose -15 = 9*q - 4*q. Let s(d) = -25*d**3 - 7*d**2 + d. List the prime factors of s(q).
3, 7, 29
Suppose -14 = -4*c + 6. Suppose c*w + 233 = 988. Suppose 203 = 6*z - w. List the prime factors of z.
59
Let z(q) = 9*q**2 + 6*q - 31. Let d(l) = -10*l**2 - 5*l + 32. Let p(c) = 6*d(c) + 7*z(c). Let x be p(4). Let h = 108 - x. List the prime factors of h.
37
Let d(v) = -16*v + 12033. What are the prime factors of d(-85)?
59, 227
Suppose -4*c + 2 = -z, 3*c = -c + 4. Suppose -3*i + o = -1423, 4*i - z*o = 2*i + 942. List the prime factors of i.
2, 7, 17
Let r(b) be the first derivative of -b**3 + 23*b**2/2 - 10*b - 6. Let n be r(7). What are the prime factors of ((-10)/n)/((-2)/28) + -1?
2, 17
Let k(g) = -18*g**3 + 10*g**2 + 73*g - 34. List the prime factors of k(-5).
11, 191
What are the prime factors of 3344 - (-15 - (8 - 19))?
2, 3, 31
List the prime factors of 509/(-3)*408/170*(-40)/4.
2, 509
Suppose 12 = 6*z - 12. Suppose -2*p - p + 23 = z*l, 2*p - 14 = -4*l. Suppose 8*o - 5*o - 129 = -3*y, 3*y + p = 0. List the prime factors of o.
2, 23
Suppose 3*l + 3 = 0, 0*a + 3*a + l + 856 = 0. Let b = -57 - a. Suppose -j - j = -b. What are the prime factors of j?
2, 3, 19
Let n(p) = -p**3 - 7*p**2 + 16*p - 11. Let g be n(-8). Let m = g + 83. Suppose t + 41 = m*z - 6*z, -2*z + 2*t = -38. List the prime factors of z.
2, 11
Let t = -624 + 628. Suppose 4*z + 5416 = t*h, -z = -4*h + 2743 + 2676. List the prime factors of h.
5, 271
Suppose -2*q = -4*y - 3*q + 276419, 3*q - 414615 = -6*y. What are the prime factors of y?
29, 2383
Let f be 4 + -1 - (-4 - -5). Suppose y - 782 = 4*l, f*y + 4*l + 325 = 1853. List the prime factors of y.
2, 5, 7, 11
Let v = 40 + -38. Suppose 3*k = 2*j - 234, j + 254 = 3*j + v*k. Suppose -3*q + j - 78 = 0. What are the prime factors of q?
3, 5
Let r = -931 + 2303. Suppose -3*k = 5*s - 4725, 5*s + 2*k = -r + 6097. What are the prime factors of s?
3, 5, 7
Let j = -265 + 267. Suppose b + j*b - 2226 = -3*n, -3*n = -4*b + 2940. What are the prime factors of b?
2, 3, 41
Let